he prime factors of 3072?
2, 3
What are the prime factors of 10456?
2, 1307
List the prime factors of 2667.
3, 7, 127
List the prime factors of 32837.
7, 4691
List the prime factors of 1085.
5, 7, 31
What are the prime factors of 2918?
2, 1459
List the prime factors of 28375.
5, 227
What are the prime factors of 929?
929
List the prime factors of 2887.
2887
List the prime factors of 1099.
7, 157
What are the prime factors of 110457?
3, 4091
List the prime factors of 21089.
21089
What are the prime factors of 3736?
2, 467
List the prime factors of 533.
13, 41
List the prime factors of 1697.
1697
What are the prime factors of 17264?
2, 13, 83
What are the prime factors of 6220?
2, 5, 311
List the prime factors of 1104.
2, 3, 23
What are the prime factors of 117792?
2, 3, 409
What are the prime factors of 620?
2, 5, 31
What are the prime factors of 33339?
3, 11113
List the prime factors of 6815.
5, 29, 47
What are the prime factors of 5160?
2, 3, 5, 43
What are the prime factors of 41405?
5, 7, 13
List the prime factors of 12274.
2, 17, 19
What are the prime factors of 8460?
2, 3, 5, 47
What are the prime factors of 668?
2, 167
What are the prime factors of 9585?
3, 5, 71
What are the prime factors of 1827?
3, 7, 29
List the prime factors of 19561.
31, 631
What are the prime factors of 2304?
2, 3
What are the prime factors of 20988?
2, 3, 11, 53
What are the prime factors of 146008?
2, 18251
What are the prime factors of 4966?
2, 13, 191
What are the prime factors of 90819?
3, 10091
List the prime factors of 873.
3, 97
List the prime factors of 1428.
2, 3, 7, 17
List the prime factors of 50184.
2, 3, 17, 41
List the prime factors of 88813.
88813
What are the prime factors of 15226?
2, 23, 331
What are the prime factors of 12686?
2, 6343
List the prime factors of 9863.
7, 1409
What are the prime factors of 9547?
9547
What are the prime factors of 2143?
2143
What are the prime factors of 8482?
2, 4241
List the prime factors of 980.
2, 5, 7
What are the prime factors of 3346?
2, 7, 239
List the prime factors of 2088.
2, 3, 29
What are the prime factors of 1136?
2, 71
What are the prime factors of 25125?
3, 5, 67
List the prime factors of 2270.
2, 5, 227
List the prime factors of 49149.
3, 43, 127
List the prime factors of 1204.
2, 7, 43
List the prime factors of 20236.
2, 5059
What are the prime factors of 2591?
2591
List the prime factors of 4465.
5, 19, 47
What are the prime factors of 869?
11, 79
What are the prime factors of 15941?
19, 839
List the prime factors of 43279.
113, 383
What are the prime factors of 22512?
2, 3, 7, 67
What are the prime factors of 22502?
2, 11251
What are the prime factors of 47501?
47501
List the prime factors of 10014.
2, 3, 1669
List the prime factors of 820.
2, 5, 41
What are the prime factors of 1399?
1399
List the prime factors of 534.
2, 3, 89
What are the prime factors of 164?
2, 41
List the prime factors of 6935.
5, 19, 73
What are the prime factors of 467?
467
What are the prime factors of 1432?
2, 179
List the prime factors of 57841.
7, 8263
List the prime factors of 7023.
3, 2341
What are the prime factors of 8386?
2, 7, 599
List the prime factors of 59774.
2, 11, 13, 19
What are the prime factors of 44340?
2, 3, 5, 739
What are the prime factors of 8377?
8377
What are the prime factors of 2099?
2099
List the prime factors of 1008.
2, 3, 7
List the prime factors of 164002.
2, 43, 1907
What are the prime factors of 498?
2, 3, 83
What are the prime factors of 212?
2, 53
List the prime factors of 2956.
2, 739
What are the prime factors of 34848?
2, 3, 11
What are the prime factors of 2096?
2, 131
List the prime factors of 72414.
2, 3, 149
What are the prime factors of 482?
2, 241
What are the prime factors of 350?
2, 5, 7
List the prime factors of 63.
3, 7
What are the prime factors of 6971?
6971
List the prime factors of 26634.
2, 3, 23, 193
What are the prime factors of 3012?
2, 3, 251
List the prime factors of 3207.
3, 1069
List the prime factors of 2229.
3, 743
List the prime factors of 64335.
3, 5, 4289
List the prime factors of 4379.
29, 151
What are the prime factors of 4988?
2, 29, 43
List the prime factors of 3354.
2, 3, 13, 43
What are the prime factors of 82368?
2, 3, 11, 13
List the prime factors of 80930.
2, 5, 8093
What are the prime factors of 1021?
1021
List the prime factors of 3269.
7, 467
What are the prime factors of 14922?
2, 3, 829
List the prime factors of 2767.
2767
List the prime factors of 156927.
3, 17, 181
What are the prime factors of 3277?
29, 113
What are the prime factors of 3912?
2, 3, 163
List the prime factors of 13125.
3, 5, 7
List the prime factors of 1703.
13, 131
What are the prime factors of 44499?
3, 7, 13, 163
What are the prime factors of 8108?
2, 2027
List the prime factors of 1602.
2, 3, 89
List the prime factors of 1221.
3, 11, 37
List the prime factors of 2776.
2, 347
What are the prime factors of 1068?
2, 3, 89
List the prime factors of 65873.
19, 3467
What are the prime factors of 49614?
2, 3, 8269
What are the prime factors of 6273?
3, 17, 41
List the prime factors of 3396.
2, 3, 283
List the prime factors of 71941.
71941
List the prime factors of 119261.
239, 499
List the prime factors of 35029.
23, 1523
List the prime factors of 19673.
103, 191
List the prime factors of 15357.
3, 5119
What are the prime factors of 91564?
2, 11, 2081
What are the prime factors of 33997?
33997
What are the prime factors of 1919?
19, 101
What are the prime factors of 2377?
2377
List the prime factors of 7966.
2, 7, 569
List the prime factors of 119.
7, 17
What are the prime factors of 1077?
3, 359
List the prime factors of 30973.
47, 659
What are the prime factors of 7351?
7351
List the prime factors of 2452.
2, 613
List the prime factors of 5583.
3, 1861
List the prime factors of 650.
2, 5, 13
List the prime factors of 1997.
1997
What are the prime factors of 1063?
1063
List the prime factors of 35462.
2, 7, 17, 149
List the prime factors of 2023.
7, 17
What are the prime factors of 2289?
3, 7, 109
List the prime factors of 136404.
2, 3, 421
What are the prime factors of 5499?
3, 13, 47
List the prime factors of 1984.
2, 31
What are the prime factors of 8422?
2, 4211
What are the prime factors of 1045?
5, 11, 19
What are the prime factors of 9780?
2, 3, 5, 163
List the prime factors of 1935.
3, 5, 43
List the prime factors of 144056.
2, 11, 1637
What are the prime factors of 4156?
2, 1039
What are the prime factors of 617?
617
List the prime factors of 5446.
2, 7, 389
List the prime factors of 79513.
7, 37, 307
List the prime factors of 1905.
3, 5, 127
List the prime factors of 44394.
2, 3, 7, 151
List the prime factors of 2536.
2, 317
What are the prime factors of 832?
2, 13
What are the prime factors of 13658?
2, 6829
What are the prime factors of 59238?
2, 3, 1097
List the prime factors of 98467.
98467
What are the prime factors of 11442?
2, 3, 1907
List the prime factors of 3506.
2, 1753
List the prime factors of 3228.
2, 3, 269
List the prime factors of 6350.
2, 5, 127
What are the prime factors of 462?
2, 3, 7, 11
List the prime factors of 2921.
23, 127
List the prime factors of 148245.
3, 5, 9883
List the prime factors of 18254.
2, 9127
What are the prime factors of 16726?
2, 8363
List the prime factors of 1131.
3, 13, 29
List the prime factors of 1199.
11, 109
What are the prime factors of 62563?
62563
What are the prime factors of 22105?
5, 4421
What are the prime factors of 6025?
5, 241
List the prime factors of 111711.
3, 23, 1619
What are the prime factors of 11216?
2, 701
What are the prime factors of 874?
2, 19, 23
What are the prime factors of 462?
2, 3, 7, 11
What are the prime factors of 5370?
2, 3, 5, 179
List the prime factors of 4177.
4177
List the prime factors of 620.
2, 5, 31
What are the prime factors of 10838?
2, 5419
List the prime factors of 139684.
2, 47, 743
What are the prime factors of 3242?
2, 1621
List the prime factors of 2858.
2, 1429
What are the prime factors of 408?
2, 3, 17
List the prime factors of 7537.
7537
List the prime factors of 17401.
17401
List the prime factors of 25262.
2, 17, 743
List the prime factors of 16649.
16649
What are the prime factors of 37491?
3, 12497
List the prime factors of 66860.
2, 5, 3343
What are the pr